{"id":84,"date":"2020-06-07T12:27:06","date_gmt":"2020-06-07T12:27:06","guid":{"rendered":"http:\/\/wp.ruegengrill.de\/?page_id=84"},"modified":"2025-05-01T21:00:24","modified_gmt":"2025-05-01T21:00:24","slug":"tischvorbestellung","status":"publish","type":"page","link":"http:\/\/wp.ruegengrill.de\/?page_id=84","title":{"rendered":"Tischvorbestellung"},"content":{"rendered":"\r\n<p>Sehr geehrte G\u00e4ste , Ihre Tischreservierung ist m\u00f6glich, aber begrenzt. Mit 24 Stunden Vorlauf<img loading=\"lazy\" decoding=\"async\" class=\"wp-image-305 alignleft\" src=\"http:\/\/wp.ruegengrill.de\/wp-content\/uploads\/2020\/07\/Unknown.png\" alt=\"\" width=\"162\" height=\"162\" srcset=\"http:\/\/wp.ruegengrill.de\/wp-content\/uploads\/2020\/07\/Unknown.png 225w, http:\/\/wp.ruegengrill.de\/wp-content\/uploads\/2020\/07\/Unknown-150x150.png 150w, http:\/\/wp.ruegengrill.de\/wp-content\/uploads\/2020\/07\/Unknown-88x88.png 88w\" sizes=\"(max-width: 162px) 100vw, 162px\" \/> bitten wir Sie um eine Anfrage per Telefon. \u00a0Wir bitten Sie um Verst\u00e4ndnis, dass wir nicht alle Anfragen beantworten k\u00f6nnen. \u00a0Besonders bei schlechtem Wetter ist die Innengastronomie auf der Insel R\u00fcgen wirklich \u00fcberfordert. \u00a0Die Reservierung eines Tisches ist nur mit einer Best\u00e4tigung am Telefon , von unserer Seite aus, g\u00fcltig. Bei der Abholung oder dem Verzehr unserer Speisen im Restaurant, nutzen Sie bitte die \u00f6ffentlichen Strassen zum Parken Ihres Autos . \u00a0Vielen Dank\u00a0<\/p>\r\n<p>&nbsp;<\/p>\r\n<p>&nbsp;<\/p>\r\n<p>Online zur Zeit nicht m\u00f6glich !<\/p>\r\n\r\n<!-- START JS for Form ID: 82 -->\r\n<script type=\"text\/javascript\">\r\njQuery(document).ready(function($) {\r\n\r\n    jQuery(\"#preloader-oiyjcm\").fadeOut(500, function() {\r\n        jQuery(\"#ecf-form-oiyjcm\").fadeIn(300);\r\n    });\r\n\r\n    Ladda.bind('.ladda-button');\r\n\r\n    $(function() {\r\n\r\n        \r\n        \/* Validation *\/\r\n        $(\"#form-oiyjcm\").validate({\r\n            \/* Rules for form validation *\/\r\n            rules: {\r\n                name0:{required: true},text1:{required: true},text2:{required: true},email3:{required: true,email: true},text4:{required: true},text5:{required: true},text6:{required: true},text7:{required: true},message8:{required: true,minlength: 10},\r\n\r\n                            },\r\n            \/* Messages for form validation *\/\r\n            messages: {\r\n                name0:{required: \"Dieses Feld wird ben\u00f6tigt\"},text1:{required: \"Dieses Feld wird ben\u00f6tigt\"},text2:{required: \"Dieses Feld wird ben\u00f6tigt\"},email3:{required: \"Dieses Feld wird ben\u00f6tigt\"},text4:{required: \"Dieses Feld wird ben\u00f6tigt\"},text5:{required: \"Dieses Feld wird ben\u00f6tigt\"},text6:{required: \"Dieses Feld wird ben\u00f6tigt\"},text7:{required: \"Dieses Feld wird ben\u00f6tigt\"},message8:{required: \"Dieses Feld wird ben\u00f6tigt\"}            },\r\n            \/* Do not change code below *\/\r\n            errorPlacement: function(error, element) {\r\n                error.insertAfter(element.parent());\r\n            },\r\n\r\n            submitHandler: function(form) {\r\n                                ecf_onsubmit(jQuery('.form-oiyjcm'));\r\n\r\n                \r\n            },\r\n\r\n            invalidHandler: function(form) {\r\n                Ladda.stopAll();\r\n            },\r\n\r\n            onkeyup: false,\r\n            onfocusout: false,\r\n            onclick: false\r\n\r\n        });\r\n    });\r\n\r\n\r\n    \/* Form Submit ( Ajax ) *\/\r\n    function ecf_onsubmit(form) {\r\n\r\n        if (form.attr('action') == '#') {\r\n\r\n            data = {};\r\n            eldat = [];\r\n            data['action'] = 'ecf_deliver_mail';\r\n            data['formid'] = '82';\r\n            data['security'] = 'ac087a12aa';\r\n\r\n\r\n            \r\n            jQuery('input, textarea', form).each(function(key) {\r\n\r\n                items = {};\r\n\r\n                if (typeof $(this).data('type') === 'undefined') {\r\n                    return true;\r\n                }\r\n\r\n\r\n                \r\n                items['type'] = $(this).data('type');\r\n                items['label'] = $(this).data('label');\r\n                items['value'] = this.value;\r\n                items['name'] = this.name;\r\n\r\n                eldat.push(items);\r\n\r\n            });\r\n\r\n\r\n                        data['allelmnt'] = JSON.stringify(eldat);\r\n\r\n            submitForm();\r\n\r\n            return false;\r\n\r\n        }\r\n\r\n    }\r\n\r\n    \/* Start submitForm\t *\/\r\n    function submitForm() {\r\n\r\n        jQuery.ajax({\r\n            url: 'http:\/\/wp.ruegengrill.de\/wp-admin\/admin-ajax.php',\r\n            type: 'POST',\r\n            dataType: 'json',\r\n            data: data,\r\n            success: function(data) {\r\n\r\n                if (data.Ok == true) {\r\n\r\n                    $(\"#form-oiyjcm\").get(0).reset();\r\n\r\n                    if (data.msg == 'redirect') {\r\n                        window.location = \"http:\/\/\";\r\n                    } else {\r\n                        notifyme('Ihre Reservierungsanfrage wurde gesendet', 'n', 'success',\r\n                            'left middle');\r\n                    }\r\n\r\n                } else {\r\n                    $(\"#form-oiyjcm\").get(0).reset();\r\n                    notifyme(data.msg, 'n', 'error', 'left middle');\r\n                }\r\n\r\n                Ladda.stopAll();\r\n\r\n            }\r\n        });\r\n\r\n        \r\n    }\r\n\r\n\r\n    \/* Notify *\/\r\n    function notifyme(msg, b, typ, pos) {\r\n        if (b == 'n') {\r\n            b = 'cf-submittedoiyjcm';\r\n        } else {\r\n            b = 'atcoiyjcm';\r\n        }\r\n\r\n        $(\"#\" + b).gnotify(msg, {\r\n            style: \"nbootstrap\",\r\n            elementPosition: pos,\r\n            className: typ\r\n        });\r\n\r\n        msg = null;\r\n        typ = null;\r\n\r\n    }\r\n\r\n});\r\n<\/script>\r\n<!-- END JS for Form ID: 82 -->\r\n\r\n<!-- START Form Markup for Form ID: 82 -->\r\n<div id=\"preloader-oiyjcm\" class=\"ecfpreloader\"><\/div>\r\n<div id=\"ecf-form-oiyjcm\" class=\"ecf-body\">\r\n    <form method=\"post\" enctype=\"multipart\/form-data\" action=\"#\" id=\"form-oiyjcm\" class=\"ecf-form form-oiyjcm\">\r\n        <header>Tischbestellung<\/header>        <fieldset>\r\n            <section><label class=\"label\">Vorname Name<\/label><label class=\"input\"><input data-type=\"name\" data-label=\"Vorname Name\" id=\"name0\" type=\"text\" name=\"name0\" \/><\/label><\/section><section><label class=\"label\">Strasse und Hausnummer<\/label><label class=\"input\"><input data-type=\"text\" data-label=\"Strasse und Hausnummer\" id=\"text1\" type=\"text\" name=\"text1\" \/><\/label><\/section><section><label class=\"label\">PLZ und Ort<\/label><label class=\"input\"><input data-type=\"text\" data-label=\"PLZ und Ort\" id=\"text2\" type=\"text\" name=\"text2\" \/><\/label><\/section><section><label class=\"label\">Email<\/label><label class=\"input\"><input data-type=\"email\" data-label=\"Email\" id=\"email3\" type=\"text\" name=\"email3\" \/><\/label><\/section><section><label class=\"label\">Personen Anzahl <\/label><label class=\"input\"><input data-type=\"text\" data-label=\"Personen Anzahl \" id=\"text4\" type=\"text\" name=\"text4\" \/><\/label><\/section><section><label class=\"label\">Telefonnummer<\/label><label class=\"input\"><input data-type=\"text\" data-label=\"Telefonnummer\" id=\"text5\" type=\"text\" name=\"text5\" \/><\/label><\/section><section><label class=\"label\">Datum<\/label><label class=\"input\"><input data-type=\"text\" data-label=\"Datum\" id=\"text6\" type=\"text\" name=\"text6\" \/><\/label><\/section><section><label class=\"label\">Uhrzeit<\/label><label class=\"input\"><input data-type=\"text\" data-label=\"Uhrzeit\" id=\"text7\" type=\"text\" name=\"text7\" \/><\/label><\/section><section><label class=\"label\">Zusatzw\u00fcnsche<\/label><label class=\"textarea\"><textarea data-type=\"message\" data-label=\"Zusatzw\u00fcnsche\" id=\"message8\" name=\"message8\" rows=\"7\"><\/textarea><\/label><\/section>        <\/fieldset>\r\n        <footer>\r\n            <button data-style=\"slide-down\" id=\"cf-submittedoiyjcm\" class=\"ecfbutton ladda-button\" type=\"submit\" name=\"cf-submittedoiyjcm\"><span class=\"ladda-label\">SEND<\/span><\/button>\r\n        <\/footer>\r\n    <\/form>\r\n\r\n    \r\n<\/div>\r\n<!-- END Form Markup for Form ID: 82 -->\r\n\r\n\r\n\t\t\t\t\r\n<p>&nbsp;<\/p>\r\n<p>&nbsp;<\/p>\r\n","protected":false},"excerpt":{"rendered":"<p>Sehr geehrte G\u00e4ste , Ihre Tischreservierung ist m\u00f6glich, aber begrenzt. Mit 24 Stunden Vorlauf bitten wir Sie um eine Anfrage per Telefon. \u00a0Wir bitten Sie um Verst\u00e4ndnis, dass wir nicht alle Anfragen beantworten k\u00f6nnen. \u00a0Besonders bei schlechtem Wetter ist die Innengastronomie auf der Insel R\u00fcgen wirklich \u00fcberfordert. \u00a0Die Reservierung eines Tisches ist nur mit einer [&hellip;]<\/p>\n","protected":false},"author":1,"featured_media":0,"parent":0,"menu_order":0,"comment_status":"closed","ping_status":"closed","template":"","meta":{"footnotes":""},"_links":{"self":[{"href":"http:\/\/wp.ruegengrill.de\/index.php?rest_route=\/wp\/v2\/pages\/84"}],"collection":[{"href":"http:\/\/wp.ruegengrill.de\/index.php?rest_route=\/wp\/v2\/pages"}],"about":[{"href":"http:\/\/wp.ruegengrill.de\/index.php?rest_route=\/wp\/v2\/types\/page"}],"author":[{"embeddable":true,"href":"http:\/\/wp.ruegengrill.de\/index.php?rest_route=\/wp\/v2\/users\/1"}],"replies":[{"embeddable":true,"href":"http:\/\/wp.ruegengrill.de\/index.php?rest_route=%2Fwp%2Fv2%2Fcomments&post=84"}],"version-history":[{"count":31,"href":"http:\/\/wp.ruegengrill.de\/index.php?rest_route=\/wp\/v2\/pages\/84\/revisions"}],"predecessor-version":[{"id":705,"href":"http:\/\/wp.ruegengrill.de\/index.php?rest_route=\/wp\/v2\/pages\/84\/revisions\/705"}],"wp:attachment":[{"href":"http:\/\/wp.ruegengrill.de\/index.php?rest_route=%2Fwp%2Fv2%2Fmedia&parent=84"}],"curies":[{"name":"wp","href":"https:\/\/api.w.org\/{rel}","templated":true}]}}